 -k - 9 = -u. What is l(k)?
9
Let w(k) be the third derivative of k**8/224 - k**7/2520 + k**6/720 - 53*k**4/24 + 23*k**2. Let v(i) be the second derivative of w(i). Determine v(1).
30
Let o(x) be the first derivative of -21*x**2 - 11*x + 986. Give o(-2).
73
Let r(q) = -q**2 - 17*q + 7. Let s(u) = -10*u + 4. Let m = 42 - 47. Let j(y) = m*s(y) + 3*r(y). Determine j(-1).
-1
Let m(n) be the third derivative of n**4/6 + 4*n**3/3 - 7*n**2 + 140*n. What is m(6)?
32
Let u(n) be the third derivative of -n**4/12 - 2*n**3/3 + 2*n**2. Suppose -8*q + 6 = -6*q, 0 = 5*t - 5*q + 20. Let m be (18 - 10) + 5/t. Calculate u(m).
-10
Let i = 573 - 567. Let n(c) = -13*c**3 - 18*c**2 - 11*c - 9. Let j(a) = -11*a**3 - 16*a**2 - 10*a - 10. Let o(m) = i*j(m) - 5*n(m). Calculate o(-6).
15
Let a(r) = -11*r + 19. Let o(w) = 5*w - 13. Let v(n) = a(n) + 2*o(n). Suppose -2*u = -4*u + 4*c + 18, 0 = 3*u + 2*c - 11. Suppose 5 + u = -2*f. Calculate v(f).
-2
Let f = -145 + 147. Let l(g) = -2*g + 2 + 8*g - 8*g - 7*g**f - 1. Let y = -3 + 4. Calculate l(y).
-8
Let d(w) = 2*w**2 + 7. Let l = -3 + 0. Let a(y) = -3*y**2 - y - 13. Let p(v) = l*a(v) - 5*d(v). Suppose 890 = -1651*j + 1829*j. What is p(j)?
-6
Let z(u) = -14 - u**2 + 7*u - 20*u + 3*u. Suppose 0 = -19*s + 38*s - 3*s + 96. What is z(s)?
10
Let a = 0 - 5. Let r be (-16 - -7)*(-1)/3. Let c(o) = -6*o + 493*o**r - 6*o**2 - 994*o**3 + 500*o**3. What is c(a)?
5
Let j(v) = -7*v - 35. Let b(f) = -f**2 - 25*f - 162. Let g be b(-14). Calculate j(g).
21
Let p(b) be the first derivative of -210 + 2*b + 1/4*b**4 - 3/2*b**2 + b**3. Determine p(-4).
-2
Let r(w) be the first derivative of w**3/3 - 3*w**2/2 - 5*w + 2. Suppose 2*s = 2*o + 178, 347 = -4*o - 4*s + 5*s. Let f = -82 - o. What is r(f)?
-1
Let r(u) = 81*u**2 - 12*u + 8. Let f(x) = 97*x**2 - 13*x + 8. Let a(l) = -5*f(l) + 6*r(l). Let z be (-12 - -8) + (-12)/(-1). Determine a(z).
16
Let s(q) = q - 5. Let l(m) = 4*m - 21. Let d(t) = -2*l(t) + 9*s(t). Suppose 0 = -j - 4*i - 5, 17 - 4 = j - 5*i. What is d(j)?
0
Let k(x) be the second derivative of -x**5/20 + 13*x**4/12 + 14*x**3/3 + 7*x**2/2 - 1680*x. Calculate k(15).
-23
Let k be (-11)/(((-80)/(-24))/(-10)). Let n(h) = -h + k*h**2 - 11*h**2 - 21*h**2 + 13. Suppose -5*f = 5*l, -2*f - l + 3*l = 0. Determine n(f).
13
Let k(h) = h**3 + 5*h**2 - 3*h + 1. Suppose x = l + 18, 4*l - 17 = -2*x - 5. Suppose x*o + 80 = -2*o. Calculate k(o).
16
Let v(t) = 22*t - 21. Suppose 22*b - 287 = -152 - 91. What is v(b)?
23
Suppose -n - 13 = 43. Let j be ((-3)/(-6))/(4/n). Let y(a) = -3*a**2 + 14*a + 17. Let r(c) = -5*c**2 + 21*c + 26. Let m(q) = 5*r(q) - 8*y(q). Give m(j).
-6
Let f(t) = 5*t + 8. Suppose z - 3*d - 698 = 0, 36*d - 1356 = -2*z + 32*d. Let n = -682 + z. Calculate f(n).
28
Let m(u) = -5*u**3 + 4*u**2 - 3*u - 17. Let v(q) = 4*q**3 - 4*q**2 + 18. Let i(t) = 3*m(t) + 4*v(t). Calculate i(5).
1
Suppose 5*b - m + 300 = 391, -3*m - 57 = -3*b. Let u(s) = s**2 - 21*s + 54. Give u(b).
0
Let h(k) = 61*k + 101*k - 48 - 253*k + 105*k - k**2. Give h(4).
-8
Let p(x) = 6*x**3 - 8*x**2 + x - 6. Let u(f) = 4*f**3 - 3*f + 4. Let j be u(1). Let z(g) = -7*g**3 + 9*g**2 - 2*g + 8. Let y(o) = j*z(o) + 6*p(o). Give y(4).
4
Let t(g) = -g**2 + 6. Let v be t(-2). Let o be (16 - 14)*4/v. Let m(p) = -p**3 + 3*p**2 - 6*p + 1. Give m(o).
-39
Let h(f) = -2*f + 39. Let b be 56/(-24)*(9 + -6)*1. Determine h(b).
53
Let r(i) = 49*i**2 - 2*i + 3. Let k be r(1). Suppose -5*v = 5*v - k. Let f be -1 + v/(-3) - 2/(-3). Let c(q) = 2*q + 2. Give c(f).
-2
Let h(u) = -u**3 + 5*u**2 - 3*u + 44. Let t(v) = -111*v - 2103. Let k be t(-19). Calculate h(k).
-10
Let w(r) = 2*r**3 + r + 1. Suppose 5*g - 4*b - 30 + 8 = 0, g - 11 = 3*b. Suppose 0 = 3*u - g*s + s - 2, -s = -5*u. Calculate w(u).
-2
Let p(z) be the third derivative of -z**4/4 + 223*z**3/6 + 554*z**2 + z + 2. Determine p(39).
-11
Let i(l) = -30*l - 35*l + 6 - 38*l + 4 + 102*l. Suppose 0 = 5*u - 63 + 13. What is i(u)?
0
Let h(d) = d**3 + 4*d**2 + d + 2. Let c(y) = -5*y**2 + 54*y + 8. Suppose 4*x + 165 = 19*x. Let z be c(x). Calculate h(z).
8
Suppose -5*a - 69 = -5*t + 2*t, 2*a + 6 = 0. Let c(x) be the first derivative of -11*x + t*x - x**2 - 8*x - 4 + 3. Give c(-1).
1
Let o(y) = -y**2 + 4*y - 1. Suppose 392 = -36*b + 32*b. Let x = 207 - 104. Let j = b + x. What is o(j)?
-6
Let m(u) = -2*u - 9. Let l(g) be the first derivative of g**4/4 - 8*g**3/3 + 2*g**2 + 17*g - 114. Let w be l(7). What is m(w)?
-1
Let i = 23359 + -23364. Let q(t) = 2*t**3 + 10*t**2 + 7*t + 27. What is q(i)?
-8
Let s(r) = -16*r**3 + 47*r**2 + 49*r - 46. Let z(d) = -10*d**3 + 34*d**2 + 25*d - 23. Let t(v) = 3*s(v) - 5*z(v). Give t(14).
89
Suppose -8*x - 30 = -14. Let r(u) = 2*u**2 + 6*u - 9. Let g(f) = f**2 + 5*f - 7. Let c(l) = x*r(l) + 3*g(l). Suppose 3*s = 8 + 4. Give c(s).
-7
Let y(g) = 11*g + 149. Let n = -1938 + 1924. What is y(n)?
-5
Let x(q) = q**3 + 9*q**2 - 3*q - 8. Suppose 0*s + 3*s + 216 = 0. Let a be (-3)/3*s/8. Let c = -18 + a. Calculate x(c).
19
Let x(z) = 14*z**3 - 2*z**2 + z. Let s = 314 - 596. Let i = s - -283. Determine x(i).
13
Let v(o) = 3166*o + 3146*o - 9471*o + 3146*o - 31. Calculate v(-5).
34
Let p(h) be the first derivative of h**3/3 - 3*h**2 - h + 1. Suppose 3*z = -a, -a + 2*z = 3*a - 28. Suppose t + 7*b = 8*b + a, 29 = 5*t - 4*b. Calculate p(t).
-6
Let z(h) = -h**2 + 12*h - 21. Let n = -2996 - -3003. Determine z(n).
14
Let f(h) be the second derivative of 1/2*h**3 + 22*h - 13*h**2 + 0 + 1/60*h**5 + 0*h**4. Let d(x) be the first derivative of f(x). What is d(-3)?
12
Let k(z) = z**3 + 4*z**2 - 3*z - 2. Let q = 339 - 141. Let f = 194 - q. Determine k(f).
10
Suppose 10 = 2*n + 2*y, 3*n - 4*y - 12 = 24. Let o = -89 - -92. Let f(v) = 2*v + 31 - 9*v - v**o + n*v**2 + 28 - 63. Determine f(7).
-4
Let q(r) = -17*r**2 - 25*r + 79. Let t(h) = -14*h**2 - 24*h + 77. Let u(s) = 5*q(s) - 6*t(s). Calculate u(14).
3
Let j(r) = -5*r**3 - 18*r**2 - 40*r - 174. Let v(x) = -11*x**3 - 40*x**2 - 80*x - 346. Let o(h) = -13*j(h) + 6*v(h). Give o(-8).
-6
Let b(x) be the first derivative of 13*x**2/2 + 87*x - 5346. Calculate b(-7).
-4
Let j(z) = -z**3 - 7*z**2 - 8*z - 27. Let t = -14171 - -14165. Determine j(t).
-15
Suppose -28*d - 7 = 24 + 165. Let m(w) = -w**3 - 8*w**2 + 8*w + 13. Determine m(d).
-92
Let b(a) = a - 6. Suppose -t - 2*i = 9, 0 = 22*i - 20*i + 6. Suppose 0 = -w - w + 16. Let h = t + w. Calculate b(h).
-1
Let a(c) = c**3 - 17*c**2 - 36*c - 35. Suppose -4*w + 217 = -3*m + 153, m = 4. What is a(w)?
3
Let v(h) = -4 - 6 + 60615*h - 60614*h. Determine v(7).
-3
Let q(y) be the third derivative of y**6/120 - y**5/6 + y**4/2 + 9*y**3/2 + 1290*y**2 + 5*y. Determine q(8).
-5
Let r(w) = w**2 + 25*w - 33. Suppose 258*o + 78 = -3*a + 261*o, 3*o - 50 = 2*a. Determine r(a).
51
Let b(w) = w**2 + 7*w + 1. Let r be (-6)/16*(-408)/(-51). Determine b(r).
-11
Let a(d) = 2580*d - 5171*d - 234 + 2573*d - 219. Calculate a(-25).
-3
Let m(o) = 21*o**2 + o. Let s(x) = 3*x**3 - 5*x**2 + 12*x - 9. Let p be s(1). Give m(p).
22
Suppose 82 - 18 = 16*g. Suppose g*q - 25 = 11. Let p(z) = z**3 - 9*z**2 - 2. Give p(q).
-2
Let o(b) be the third derivative of b**9/60480 - b**8/3360 - b**7/2520 - b**6/240 + b**5/6 - 35*b**2. Let w(u) be the third derivative of o(u). Determine w(6).
-15
Let p(s) = -s**3 - 6*s**2 + 5*s + 49. Let q = -8121 - -8116. What is p(q)?
-1
Let p(j) = -j**2 - 7*j + 2. Let m = 34 + -6. Suppose 4*i + k + 113 = 0, i + m = -5*k - 5. Let t = i + 22. What is p(t)?
8
Let y = -556 - -553. Let o(s) = 12*s + 32. Calculate o(y).
-4
Let j(c) be the second derivative of -1/20*c**5 - 11*c - 3/2*c**3 - 1 - 2*c**2 + 11/12*c**4. Suppose -4*s = -30 - 10. Calculate j(s).
6
Suppose -2 - 3 = -5*t. Let n(c) = 2*c + 1. Let i(u) = u + 1. Let o(m) = -i(m) + n(m). Let j(x) = 6*x + 1. Let g(k) = -j(k) - o(k). Determine g(t).
-8
Let v(y) = -y + 16. Let n be v(12). Let u(w) = -250 + 3*w**2 - w**3 - 260 + 761 - 251 + 5*w. Determine u(n).
4
Let d = 368 + -320. Let s(j) = 8 - 47*j**2 + 7*j + 5 - 6 + d*j**2. Give s(-6).
1
Let l(m) = 0 + 6 + 52*m - 5 + 12 - 60*m. Determine l(1).
5
Suppose -4*y = -5*m + m + 44, 5*y - 25 = -3*m. Let b = 10 - m. Suppose -2 = -2*i, -3*i + b*i - 1 = 4*h. Let o(k) = -6*k**2. What is o(h)?
-6
Let t(b) = -188*b + 10884. Let q be t(58). Let n(a) = -a**3 - 23*a**2 - 59*a + 31. 